 6*n**2 - 3*n. Let l(g) = -4*g**3 + 7*g**2 - 4*g. Let i = -8 + 3. Let j(t) = i*r(t) + 4*l(t). Determine j(-1).
-5
Let k(c) = -c**3 + 2*c**2 + 4*c - 2. Let n be k(3). Let p(x) = 3 - 2 + n - 4*x. Let m = -16 + 14. Determine p(m).
10
Let f = 5 - 4. Suppose -h + a + 0 = f, 0 = h - 2*a - 3. Let s(l) be the second derivative of -l**5/20 - l**4/3 + 2*l**3/3 - 5*l**2/2 - 2*l. What is s(h)?
0
Let f be -1 + 3/((-3)/2). Let s(r) = 1 - 5 + 0*r + 2 - 3*r. Give s(f).
7
Let b(k) = k**3 - 2*k**2 - 3*k + 4. Let v(o) = -o**3 + 10*o**2 + 13*o - 10. Let a be v(11). Suppose -5*n + c + 5 + 6 = 0, 3*c = a. Give b(n).
4
Let s(g) = -3*g + 4. Suppose -c - 2 = -2*c. Suppose c = k - 1. Give s(k).
-5
Let g(d) = d - 3*d + 1 + 3*d. Let l(v) = v**2. Let o be l(-1). Let b(y) = -2*y**2 - y - 3. Let q(n) = o*b(n) + 6*g(n). Determine q(4).
-9
Suppose d + 1 = 2*o - 7, 3*d + 4*o = 26. Let h = -3 + d. Let z(p) = -4*p**2 - 1. What is z(h)?
-5
Let i be (3 - 6)/(1/3). Let a = -8 - i. Let k(g) = -16*g**3 - g + 1. What is k(a)?
-16
Let x(r) = -r + 1. Let d(b) = b**2. Let t be d(0). Suppose t = 7*o - 2*o - 20. What is x(o)?
-3
Let s(u) = -u**3 + 5*u**2 - 3. Let q be s(5). Let w = q - -6. Let p(i) = -i**2 + 4*i - 2. What is p(w)?
1
Suppose -2*g = -19 + 3. Let s(x) = x**2 - 8*x + 5. Determine s(g).
5
Let q(g) = g**2 + 2. Let z(u) = 5*u + 3. Let y be z(-2). Let l(s) = -s**2 - 7*s + 4. Let f be l(y). Suppose -5 = k - 2*v, 5 - 18 = k - f*v. What is q(k)?
11
Let f(u) = u**3 + 5*u**2 + 11*u - 4. Let d(b) = 2*b. Let l(x) = 4*d(x) - f(x). Calculate l(-5).
19
Let m(a) = -a + 5. Suppose -12 = 11*j - 13*j. Calculate m(j).
-1
Let l(q) = -9*q**3 + 14*q**2 - q - 18. Let u(b) = 4*b**3 - 7*b**2 + 9. Let a(p) = 3*l(p) + 7*u(p). Give a(7).
-12
Let p(c) = -3*c + 8. Let o(l) = 8*l - 23. Let z(r) = -4*o(r) - 11*p(r). Determine z(-3).
1
Let g(u) = u - 1. Suppose c = 4*c + 12. Let z be (18/c)/3*-2. Give g(z).
2
Let u(i) = -i**2 + 7*i + 7. Suppose -4*t = -2*t - 16. Let g be u(t). Let y(s) = -4*s - 1. Determine y(g).
3
Let p(j) = j - 3. Let g(q) = -4*q + 1. Let k be 0 + (-1 + 4 - 2). Let h be g(k). Give p(h).
-6
Let f = 7/66 + -1/44. Let y(o) be the third derivative of -1/120*o**6 + 1/2*o**3 + 1/30*o**5 + 0 - 3*o**2 - f*o**4 + 0*o. Calculate y(2).
-1
Suppose 0 = 6*z - 11*z + 4*r - 3, -2*z + r = 0. Let k(j) = -4*j + 1. Determine k(z).
-3
Let q be 2/7 - (-36)/21. Suppose -j + 0*l + l + 6 = 0, 0 = q*l + 4. Let g(b) = -3 + 2*b + j - b. What is g(3)?
4
Let r be 1 + 3 - (-3)/(-3). Let g(b) be the third derivative of 0 - 2*b**2 + 0*b + 1/3*b**r + 1/24*b**4. Give g(-3).
-1
Suppose 0 = -4*x - 4 - 0, 4*x = -2*r - 2. Let g(s) be the first derivative of -4 - 2*s + s**2 + 5 + s. Calculate g(r).
1
Let a(s) be the first derivative of -s**3/3 - 2*s**2 + 4*s - 9. What is a(-3)?
7
Let n(l) = 2*l - 1. Let a(w) = -9*w + 1. Let s(o) = a(o) + 5*n(o). Calculate s(3).
-1
Let l = 4 + -9. Let b = 6 - 7. Let m(a) = a**2 + 2*a + 1. Let x(j) = j + 1. Let p(z) = b*m(z) - 4*x(z). Give p(l).
0
Let j = -1 - -2. Let h(s) = s - 1. Let t be h(j). Let g(o) = -o**3 - o**2 - o - 9. Give g(t).
-9
Let o(x) = -44*x + 1 + 26*x + 22*x + 0. Calculate o(4).
17
Suppose 0*w - 1 = w - 2*r, 22 = 2*w + 2*r. Suppose 1 + 11 = 4*k. Let u(p) = -4*p**2 + p**3 + 0*p**k - 1 + w*p**2 - 5*p. Calculate u(-4).
3
Let m be ((-4)/(-6))/(6/(-9)). Let h(l) = -16*l**2 + l + 1. Determine h(m).
-16
Let p(u) = -u**2 - 5*u - 5. Suppose w + 2*w = 12. Let n(m) = m**2 - 7*m + 6. Let v be n(w). Determine p(v).
-11
Suppose -2*b + 0 = -6. Let c(r) = 3*r**2 + r**2 + 4 - 5*r**2 + r + b*r. Calculate c(5).
-1
Suppose -7*g = -5*g. Let c(r) = -3*r + g*r - 2*r - 3 + 6. Give c(2).
-7
Let n(d) = d + 1. Let q be n(-2). Let o be q*9*7/21. Let w = -5 - o. Let a(f) = f**3 + 2*f**2 + f - 1. Give a(w).
-3
Let h be (-4)/(-3)*(2 - -1). Suppose -2*b = d + 3, -h*d - 4 = d - b. Let u(j) = -1 + 3*j**3 - j**2 + 6*j**3 - 3*j**3 - j. Give u(d).
-7
Let h be 4 + (4 - (-9)/(-3)). Let v(l) = -l**2 + 6*l - 2. Determine v(h).
3
Let w be (5 - 4)/((-1)/(-5)). Let h(o) = -o**2 + o - 1. Let u be h(w). Let c(n) = -n - 1. Let i(g) = 8*g + 7. Let d(s) = u*c(s) - 3*i(s). What is d(-1)?
3
Let g = -54 + 62. Let u(f) = f**2 - 9*f + 3. Calculate u(g).
-5
Let z(m) = -m. Let f = -37 - -38. Give z(f).
-1
Let w(r) = -r + 8. Let l(q) = -q**3 + 2*q**2 - 3*q + 6. Let h be l(2). Give w(h).
8
Let y(c) = 2*c + 3. Let d(j) = -6*j - 5. Let h(l) = 11 - 1 - l + 7*l + 5*l. Let o(r) = 5*d(r) + 3*h(r). Let v(b) = 3*o(b) - 5*y(b). What is v(4)?
-4
Let o = 129 + -69. Let g be o/(-18)*6/4. Let z(v) = v**2 + 4*v - 6. What is z(g)?
-1
Let a(z) = -z - 1. Let w be (-90 - -80)*(2/4 + 0). Calculate a(w).
4
Let q(y) = y + 7. Suppose -8*n + 3*n - 7 = 4*p, 4*n + 2 = -2*p. Calculate q(p).
4
Let g(u) = 3*u - 2. Let h be (-4)/(-24) - 115/(-30). Give g(h).
10
Let v(m) = 0 - 1 + 6 + 5*m**2 - 6. Give v(-1).
4
Suppose 0 = 11*i - 16 - 39. Let u(v) = v**2 - v - 7. Determine u(i).
13
Let a(u) = -u**3 + 2*u**2 - 1. Suppose -13 = -15*r + 2*r. Give a(r).
0
Let i = -47 - -41. Let f(t) = -t**2 - 9*t - 4. Determine f(i).
14
Let z(s) = -10*s - 16. Let n(i) = 7*i + 11. Let o(c) = -7*n(c) - 5*z(c). Suppose -w = -2*w + 5, w = 3*t + 8. Let x(a) = 3*a**2. Let v be x(t). Calculate o(v).
6
Suppose 4*o + 1 = -3. Let j be 8/12*(2 - o). Let l(g) = -7 + 4 - 5*g + g**j - 2*g**2. Determine l(-4).
1
Suppose 3*g + 5 = 14. Let k = g + -1. Let r(b) = 5 + 6*b + 4*b**2 + b**3 + b**k + 0*b**3. Determine r(-4).
-3
Let t(b) = 8 + 9*b - 2 - 7*b - 2 - 3. Suppose -2*z + 4*z - 4 = 0. What is t(z)?
5
Let f(w) = -w**3 + 3*w**2 - 2*w - 2. Let x = 22 + -20. Give f(x).
-2
Let y(q) be the second derivative of q**6/120 + 7*q**5/60 + 5*q**4/24 + q**3/3 - 3*q**2/2 - 8*q. Let h(k) be the first derivative of y(k). Calculate h(-6).
8
Let v(z) = 7*z - 2. Let i(g) = 9*g - 7. Let w(b) = 8*b - 6. Let c(a) = 5*i(a) - 6*w(a). Let m be 0 + 1 - -4*2. Let r(f) = m*c(f) + 4*v(f). Give r(5).
6
Suppose 3*w - 4*k = 25, -7 = -0*w + 3*w + 4*k. Let x(t) = -5 + 5 - w*t. Suppose -3*h = -2*h - 5*j + 23, 2*j = 5*h. Determine x(h).
-6
Let n = 9 + -15. Let j be (-60)/(-14) - n/(-21). Suppose 3*m - 19 = 5*q, -18 = q + q + j*m. Let w(y) = y - 2. Calculate w(q).
-7
Let h = 4 - -3. Suppose -r - 3*u - 5 = -2*r, -h = -r + 4*u. Let c(j) = j + 1. What is c(r)?
0
Suppose 20 = 4*x, 5*m - 5*x = -0*x - 15. Let i be (m - 0)/(4/(-10)). Let a be 7/i - 4/(-10). Let u(b) = -b**2 + 2*b + 1. Give u(a).
-2
Let t = 6 - 4. Let n(y) = 3*y**2 + y - y - 10 + 9. What is n(t)?
11
Let c = -4 + -2. Let v(k) = k - 1. What is v(c)?
-7
Let m = -11 + 15. Let r be -2 + 0 + 0 + 4. Let j(t) = -2*t + t - m*t + t**r. Give j(5).
0
Let l(k) be the second derivative of k**8/6720 - k**7/840 - k**6/240 + k**5/30 - 5*k**4/12 + 5*k. Let m(f) be the third derivative of l(f). What is m(4)?
8
Suppose -2 = -3*k + 2*d, 0*d = d + 1. Let c = k - -4. Let l(y) be the third derivative of -y**5/60 + 7*y**4/24 - y**3 - y**2. Calculate l(c).
6
Let l(f) = 7 + 12*f + 9*f - 23*f. Determine l(5).
-3
Suppose -2*u + 20 = 5*b, 3*b = -2*b + u + 20. Let i(m) be the third derivative of 0*m + 0 - 3*m**2 + 2/3*m**3 - 1/24*m**b. Calculate i(3).
1
Let m be -4 + (1078/24)/11. Let f(u) be the second derivative of -1/6*u**3 - 3*u + 0 - m*u**4 - 5/2*u**2. Determine f(0).
-5
Suppose 3*k - i + 10 = 0, -5*i = -4*k + 10 - 5. Suppose -5*h + 1 = -3*h + m, 0 = -3*h + 4*m + 29. Let t(f) = -10 + 0*f - 4*f + h*f. What is t(k)?
-5
Let a(s) = 6*s - 23*s - s**2 + 3*s + 8*s - 7. Give a(-5).
-2
Let i(h) = h**2 + 7*h - 10. Let p be i(-8). Let r = -6 - p. Let g(k) = 2 + 3*k + 5*k**2 + 3*k**2 - 10*k**2 + 3*k**2. Determine g(r).
6
Suppose -3*t + 0*t - 12 = 0. Let m(j) = j**2 + 4*j + 1. Determine m(t).
1
Suppose 4*h = 5*h + 5*c - 10, h + 2 = c. Let k(t) be the third derivative of t**3 + h - t**2 + 0*t + 0*t**4 + 1/120*t**6 - 1/60*t**5. What is k(0)?
6
Let m(y) = y**3 + 6*y**2 + 4*y + 9. Suppose 3*j = 5*d + 45, 3*d + 3*j = -0 - 3. Determine m(d).
-15
Let q(d) = -2*d + 1. Suppose 4*f = 4*o, -2*f - 2*o = -o. What is q(f)?
1
Let u(c) = c**2 - 8*c - 6. Let q be u(9). Let l be 4/q*9/6. Let k(x) = x**3 - x**2 - x + 2. Determine k(l).
4
Let w = -179 + 180. Let y(j) = -3*j**3 - j. Give y(w).
-4
Let m = -3 - -7. Suppose -2*t = -2*r - 0 - 4, -5*t - m*r = -1. Let k(w) be the third derivative of -w**4/24 - w**3/6 + 9*w**2. Determine k(t